{"id":48,"date":"2023-07-28T12:36:05","date_gmt":"2023-07-28T10:36:05","guid":{"rendered":"https:\/\/lesombrettes.com\/?page_id=48"},"modified":"2026-03-09T15:50:46","modified_gmt":"2026-03-09T14:50:46","slug":"logement-2-p","status":"publish","type":"page","link":"https:\/\/lesombrettes.com\/index.php\/logement-2-p\/","title":{"rendered":"LOGEMENT 2 PERSONNES \u00ab\u00a0L&rsquo;ANCOLIE\u00a0\u00bb"},"content":{"rendered":"\n<p>Studio 2 personnes, class\u00e9 3 \u00e9toiles <em>(au 1<sup>er<\/sup> \u00e9tage ~ 29 m\u00b2)<\/em> avec connexion WIFI :<\/p>\n\n\n\n<p>1 coin cuisine avec cuisine int\u00e9gr\u00e9e, coin nuit, 1 salle d&rsquo;eau.<\/p>\n\n\n\n<div style=\"height:11px\" aria-hidden=\"true\" class=\"wp-block-spacer\"><\/div>\n\n\n\n<h5 class=\"wp-block-heading\"><strong>PLAN<\/strong><\/h5>\n\n\n\n<figure class=\"wp-block-image size-large\"><img loading=\"lazy\" decoding=\"async\" width=\"553\" height=\"1024\" src=\"https:\/\/lesombrettes.com\/wp-content\/uploads\/2023\/08\/plan-studio-2016-001-1-553x1024.jpg\" alt=\"\" class=\"wp-image-101\" srcset=\"https:\/\/lesombrettes.com\/wp-content\/uploads\/2023\/08\/plan-studio-2016-001-1-553x1024.jpg 553w, https:\/\/lesombrettes.com\/wp-content\/uploads\/2023\/08\/plan-studio-2016-001-1-162x300.jpg 162w, https:\/\/lesombrettes.com\/wp-content\/uploads\/2023\/08\/plan-studio-2016-001-1-768x1422.jpg 768w, https:\/\/lesombrettes.com\/wp-content\/uploads\/2023\/08\/plan-studio-2016-001-1-830x1536.jpg 830w, https:\/\/lesombrettes.com\/wp-content\/uploads\/2023\/08\/plan-studio-2016-001-1.jpg 1000w\" sizes=\"auto, (max-width: 553px) 100vw, 553px\" \/><\/figure>\n\n\n\n<h5 class=\"wp-block-heading\"><strong>INVENTAIRE<\/strong><\/h5>\n\n\n\n<div class=\"wp-block-columns is-layout-flex wp-container-core-columns-is-layout-28f84493 wp-block-columns-is-layout-flex\">\n<div class=\"wp-block-column is-layout-flow wp-block-column-is-layout-flow\">\n<h5 class=\"wp-block-heading\"><strong><mark style=\"background-color:rgba(0, 0, 0, 0)\" class=\"has-inline-color has-palette-color-2-color\">ENTR\u00c9E :<\/mark><\/strong><\/h5>\n\n\n\n<ul class=\"wp-block-list\">\n<li>1 lustre<\/li>\n\n\n\n<li>1 cadre<\/li>\n\n\n\n<li>1 porte- manteaux<\/li>\n\n\n\n<li>2 rideaux voilage<\/li>\n\n\n\n<li>1 double rideau<\/li>\n<\/ul>\n<\/div>\n\n\n\n<div class=\"wp-block-column is-layout-flow wp-block-column-is-layout-flow\">\n<p><strong>Placard de l\u2019entr\u00e9e :<\/strong><\/p>\n\n\n\n<ul class=\"wp-block-list\">\n<li>12 cintres + 2 pinces jupes<\/li>\n\n\n\n<li>1 planche \u00e0 repasser, 1 fer \u00e0 repasser<\/li>\n\n\n\n<li>1 aspirateur, 1 rallonge \u00e9lectrique<\/li>\n\n\n\n<li>1 seau, 1 bassine, 2 serpill\u00e8res<\/li>\n\n\n\n<li>1 balai soie<\/li>\n\n\n\n<li>1 balai brosse<\/li>\n<\/ul>\n<\/div>\n<\/div>\n\n\n\n<div style=\"height:23px\" aria-hidden=\"true\" class=\"wp-block-spacer\"><\/div>\n\n\n\n<div class=\"wp-block-columns is-layout-flex wp-container-core-columns-is-layout-28f84493 wp-block-columns-is-layout-flex\">\n<div class=\"wp-block-column is-layout-flow wp-block-column-is-layout-flow\">\n<h5 class=\"wp-block-heading\"><strong><mark style=\"background-color:rgba(0, 0, 0, 0)\" class=\"has-inline-color has-palette-color-2-color\">S\u00c9JOUR <\/mark><\/strong>:<\/h5>\n\n\n\n<ul class=\"wp-block-list\">\n<li>1 table rectangulaire<\/li>\n\n\n\n<li>2chaises, 2 fauteuils<\/li>\n\n\n\n<li>1 lustre 3 spots<\/li>\n\n\n\n<li>6 rideaux voilage, 4 double rideaux<\/li>\n\n\n\n<li>1 lit en 1,40 m<\/li>\n\n\n\n<li>1 matelas + 1 al\u00e8se<\/li>\n\n\n\n<li>2 oreillers + 2 sous-taies<\/li>\n\n\n\n<li>1 couette en 220 x 240<\/li>\n<\/ul>\n<\/div>\n\n\n\n<div class=\"wp-block-column is-layout-flow wp-block-column-is-layout-flow\">\n<div style=\"height:15px\" aria-hidden=\"true\" class=\"wp-block-spacer\"><\/div>\n\n\n\n<div style=\"height:23px\" aria-hidden=\"true\" class=\"wp-block-spacer\"><\/div>\n\n\n\n<ul class=\"wp-block-list\">\n<li>1 housse de couette<\/li>\n\n\n\n<li>2 tables de chevet, 1 lampe de chevet<\/li>\n\n\n\n<li>1 lit gigogne 0,80 m<\/li>\n\n\n\n<li>1 matelas + 1 al\u00e8se<\/li>\n\n\n\n<li>1 applique murale double<\/li>\n\n\n\n<li>1 commode, 1 pani\u00e8re avec documents<\/li>\n\n\n\n<li>1 cadre<\/li>\n\n\n\n<li>1 poste de t\u00e9l\u00e9vision + 1 d\u00e9codeur TNT avec t\u00e9l\u00e9commandes<\/li>\n<\/ul>\n<\/div>\n<\/div>\n\n\n\n<div style=\"height:26px\" aria-hidden=\"true\" class=\"wp-block-spacer\"><\/div>\n\n\n\n<div class=\"wp-block-columns is-layout-flex wp-container-core-columns-is-layout-28f84493 wp-block-columns-is-layout-flex\">\n<div class=\"wp-block-column is-layout-flow wp-block-column-is-layout-flow\">\n<h5 class=\"wp-block-heading\"><strong><mark style=\"background-color:rgba(0, 0, 0, 0)\" class=\"has-inline-color has-palette-color-2-color\">COIN CUISINE :<\/mark><\/strong><\/h5>\n\n\n\n<ul class=\"wp-block-list\">\n<li>1 rangement haut<\/li>\n\n\n\n<li>1 rangement bas<\/li>\n\n\n\n<li>1 r\u00e9frig\u00e9rateur avec compartiment cong\u00e9lateur<\/li>\n\n\n\n<li>1 plaque de cuisson vitroc\u00e9ramique<\/li>\n\n\n\n<li>1 four autonettoyant<\/li>\n\n\n\n<li>1 \u00e9vier 1 bac, 1 poubelle, pelle et balayette<\/li>\n\n\n\n<li>1 lave- vaisselle<\/li>\n\n\n\n<li>1 hotte aspirante<\/li>\n\n\n\n<li>1 pendule, 1 gant de cuisine, 1 manique<\/li>\n<\/ul>\n\n\n\n<div style=\"height:17px\" aria-hidden=\"true\" class=\"wp-block-spacer\"><\/div>\n\n\n\n<p><strong>Vaisselle et ustensiles<\/strong> :<\/p>\n\n\n\n<ul class=\"wp-block-list\">\n<li>9 assiettes plates<\/li>\n\n\n\n<li>9 assiettes creuses<\/li>\n\n\n\n<li>9 assiettes \u00e0 dessert<\/li>\n\n\n\n<li>3 verres \u00e0 pied \u00e0 vin<\/li>\n\n\n\n<li>3 verres \u00e0 eau<\/li>\n\n\n\n<li>3 verres \u00e0 sirop<\/li>\n\n\n\n<li>3 fl\u00fbtes \u00e0 champagne<\/li>\n\n\n\n<li>6 tasses \u00e0 caf\u00e9<\/li>\n\n\n\n<li>3 bols, 3 mugs<\/li>\n\n\n\n<li>3 coquetiers<\/li>\n\n\n\n<li>3 raviers<\/li>\n\n\n\n<li>1 th\u00e9i\u00e8re<\/li>\n\n\n\n<li>1 presse-agrumes<\/li>\n\n\n\n<li>1 corbeille \u00e0 pain<\/li>\n\n\n\n<li>1 carafe \u00e0 eau<\/li>\n\n\n\n<li>1 vase, 1 plateau<\/li>\n\n\n\n<li>1 robot \u2013 marie, mixeur \u00e0 soupe<\/li>\n\n\n\n<li>1 grille \u2013 pain<\/li>\n\n\n\n<li>1 cafeti\u00e8re \u00e9lectrique<\/li>\n\n\n\n<li>1 machine expresso Dolce Gusto<\/li>\n\n\n\n<li>1 bouilloire \u00e9lectrique<\/li>\n\n\n\n<li>2 dessous de plat en bois<\/li>\n\n\n\n<li>3 saladiers<\/li>\n\n\n\n<li>2 plats ronds plats<\/li>\n\n\n\n<li>1 plat rond creux<\/li>\n\n\n\n<li>1 essoreuse \u00e0 salade<\/li>\n\n\n\n<li>1 passoire \u00e0 l\u00e9gumes<\/li>\n\n\n\n<li>1 passoire fine<\/li>\n<\/ul>\n<\/div>\n\n\n\n<div class=\"wp-block-column is-layout-flow wp-block-column-is-layout-flow\">\n<ul class=\"wp-block-list\">\n<li>1 verre doseur, 1 balance de m\u00e9nage<\/li>\n\n\n\n<li>1 rouleau \u00e0 p\u00e2tisserie<\/li>\n\n\n\n<li>1 moule \u00e0 tarte<\/li>\n\n\n\n<li>1 moule \u00e0 g\u00e2teau<\/li>\n\n\n\n<li>1 moule \u00e0 flan<\/li>\n\n\n\n<li>1 moule \u00e0 cake<\/li>\n\n\n\n<li>3 po\u00eales, 2 plats \u00e0 gratin<\/li>\n\n\n\n<li>1 cocotte minute<\/li>\n\n\n\n<li>5 casseroles<\/li>\n\n\n\n<li>3 couvercles<\/li>\n\n\n\n<li>1 faitout avec couvercle<\/li>\n\n\n\n<li>2 planches \u00e0 d\u00e9couper<\/li>\n\n\n\n<li>1 entonnoir<\/li>\n\n\n\n<li>1 mandoline<\/li>\n\n\n\n<li>1 moulinette \u00e0 fromage<\/li>\n\n\n\n<li>1 louche<\/li>\n\n\n\n<li>1 \u00e9cumoire<\/li>\n\n\n\n<li>9 fourchettes<\/li>\n\n\n\n<li>9 couteaux<\/li>\n\n\n\n<li>9 cuill\u00e8res \u00e0 soupe<\/li>\n\n\n\n<li>9 cuill\u00e8res \u00e0 dessert<\/li>\n\n\n\n<li>1 couteau \u00e0 pain<\/li>\n\n\n\n<li>1 couteau \u00e0 viande<\/li>\n\n\n\n<li>1 couteau style d\u00e9sosseur<\/li>\n\n\n\n<li>1 \u00a0\u00e9conome, 1 couteau \u00e0 hu\u00eetres<\/li>\n\n\n\n<li>2 couteaux d\u2019office<\/li>\n\n\n\n<li>1 paire de ciseaux<\/li>\n\n\n\n<li>1 couvert \u00e0 salade<\/li>\n\n\n\n<li>2 cuill\u00e8res en bois<\/li>\n\n\n\n<li>2 spatules en bois<\/li>\n\n\n\n<li>2 spatules pour \u00ab\u00a0Teffal\u00a0\u00bb<\/li>\n\n\n\n<li>1 fouet \u00e0 sauce, 1 spatule souple \u00ab\u00a0maryse\u00a0\u00bb<\/li>\n\n\n\n<li>1 limonadier<\/li>\n\n\n\n<li>1 tire \u2013 bouchon<\/li>\n\n\n\n<li>1 cl\u00e9 universelle<\/li>\n\n\n\n<li>1 casse- noix<\/li>\n\n\n\n<li>2 ouvre \u2013 boite<\/li>\n\n\n\n<li>1 passoire \u00e0 th\u00e9<\/li>\n\n\n\n<li>2 cendriers<\/li>\n\n\n\n<li>1 boule \u00e0 th\u00e9<\/li>\n\n\n\n<li>1 pelle avec balayette<\/li>\n\n\n\n<li>1 poubelle de cuisine<\/li>\n<\/ul>\n<\/div>\n<\/div>\n\n\n\n<div style=\"height:25px\" aria-hidden=\"true\" class=\"wp-block-spacer\"><\/div>\n\n\n\n<div class=\"wp-block-columns is-layout-flex wp-container-core-columns-is-layout-28f84493 wp-block-columns-is-layout-flex\">\n<div class=\"wp-block-column is-layout-flow wp-block-column-is-layout-flow\">\n<h5 class=\"wp-block-heading\"><mark style=\"background-color:rgba(0, 0, 0, 0)\" class=\"has-inline-color has-palette-color-2-color\"><strong>SALLE DE BAIN<\/strong> :<\/mark><\/h5>\n\n\n\n<ul class=\"wp-block-list\">\n<li>1 porte \u2013 manteaux<\/li>\n\n\n\n<li>1 sortie de douche<\/li>\n\n\n\n<li>1 radiateur s\u00e8che-serviettes<\/li>\n\n\n\n<li>1 \u00e9tendage \u00e0 linge<\/li>\n<\/ul>\n<\/div>\n\n\n\n<div class=\"wp-block-column is-layout-flow wp-block-column-is-layout-flow\">\n<div style=\"height:19px\" aria-hidden=\"true\" class=\"wp-block-spacer\"><\/div>\n\n\n\n<ul class=\"wp-block-list\">\n<li>1 poubelle<\/li>\n\n\n\n<li>1 ensemble W -C + 1 porte \u2013 papier + 1 balayette<\/li>\n\n\n\n<li>1 lave &#8211; linge<\/li>\n\n\n\n<li>1 meuble-lavabo, &nbsp;1 s\u00e8che-cheveux<\/li>\n<\/ul>\n<\/div>\n<\/div>\n\n\n\n<div style=\"height:24px\" aria-hidden=\"true\" class=\"wp-block-spacer\"><\/div>\n\n\n\n<h5 class=\"wp-block-heading\"><strong>PHOTOS<\/strong><\/h5>\n\n\n\n<p><\/p>\n\n\n\n<figure class=\"wp-block-image size-large\"><img loading=\"lazy\" decoding=\"async\" width=\"1024\" height=\"461\" src=\"https:\/\/lesombrettes.com\/wp-content\/uploads\/2023\/08\/sejour1-1024x461.jpg\" alt=\"\" class=\"wp-image-103\" srcset=\"https:\/\/lesombrettes.com\/wp-content\/uploads\/2023\/08\/sejour1-1024x461.jpg 1024w, https:\/\/lesombrettes.com\/wp-content\/uploads\/2023\/08\/sejour1-300x135.jpg 300w, https:\/\/lesombrettes.com\/wp-content\/uploads\/2023\/08\/sejour1-768x346.jpg 768w, https:\/\/lesombrettes.com\/wp-content\/uploads\/2023\/08\/sejour1-1536x691.jpg 1536w, https:\/\/lesombrettes.com\/wp-content\/uploads\/2023\/08\/sejour1.jpg 2000w\" sizes=\"auto, (max-width: 1024px) 100vw, 1024px\" \/><\/figure>\n\n\n\n<figure class=\"wp-block-image size-large\"><img loading=\"lazy\" decoding=\"async\" width=\"1024\" height=\"461\" src=\"https:\/\/lesombrettes.com\/wp-content\/uploads\/2023\/08\/sejour2-1024x461.jpg\" alt=\"\" class=\"wp-image-104\" srcset=\"https:\/\/lesombrettes.com\/wp-content\/uploads\/2023\/08\/sejour2-1024x461.jpg 1024w, https:\/\/lesombrettes.com\/wp-content\/uploads\/2023\/08\/sejour2-300x135.jpg 300w, https:\/\/lesombrettes.com\/wp-content\/uploads\/2023\/08\/sejour2-768x346.jpg 768w, https:\/\/lesombrettes.com\/wp-content\/uploads\/2023\/08\/sejour2-1536x691.jpg 1536w, https:\/\/lesombrettes.com\/wp-content\/uploads\/2023\/08\/sejour2.jpg 2000w\" sizes=\"auto, (max-width: 1024px) 100vw, 1024px\" \/><\/figure>\n\n\n\n<figure class=\"wp-block-image size-large\"><img loading=\"lazy\" decoding=\"async\" width=\"1024\" height=\"767\" src=\"https:\/\/lesombrettes.com\/wp-content\/uploads\/2023\/08\/salle-de-bain-site2-1024x767.jpg\" alt=\"\" class=\"wp-image-105\" srcset=\"https:\/\/lesombrettes.com\/wp-content\/uploads\/2023\/08\/salle-de-bain-site2-1024x767.jpg 1024w, https:\/\/lesombrettes.com\/wp-content\/uploads\/2023\/08\/salle-de-bain-site2-300x225.jpg 300w, https:\/\/lesombrettes.com\/wp-content\/uploads\/2023\/08\/salle-de-bain-site2-768x575.jpg 768w, https:\/\/lesombrettes.com\/wp-content\/uploads\/2023\/08\/salle-de-bain-site2.jpg 1500w\" sizes=\"auto, (max-width: 1024px) 100vw, 1024px\" \/><\/figure>\n\n\n\n<figure class=\"wp-block-image size-large\"><img loading=\"lazy\" decoding=\"async\" width=\"1024\" height=\"768\" src=\"https:\/\/lesombrettes.com\/wp-content\/uploads\/2023\/08\/vue-surlafontsancte-1024x768.jpg\" alt=\"\" class=\"wp-image-106\" srcset=\"https:\/\/lesombrettes.com\/wp-content\/uploads\/2023\/08\/vue-surlafontsancte-1024x768.jpg 1024w, https:\/\/lesombrettes.com\/wp-content\/uploads\/2023\/08\/vue-surlafontsancte-300x225.jpg 300w, https:\/\/lesombrettes.com\/wp-content\/uploads\/2023\/08\/vue-surlafontsancte-768x576.jpg 768w, https:\/\/lesombrettes.com\/wp-content\/uploads\/2023\/08\/vue-surlafontsancte-1536x1152.jpg 1536w, https:\/\/lesombrettes.com\/wp-content\/uploads\/2023\/08\/vue-surlafontsancte.jpg 2000w\" sizes=\"auto, (max-width: 1024px) 100vw, 1024px\" \/><\/figure>\n\n\n\n<figure class=\"wp-block-image size-full\"><img loading=\"lazy\" decoding=\"async\" width=\"510\" height=\"383\" src=\"https:\/\/lesombrettes.com\/wp-content\/uploads\/2023\/08\/vue-hiver-studio-15-01-08.jpg\" alt=\"\" class=\"wp-image-107\" srcset=\"https:\/\/lesombrettes.com\/wp-content\/uploads\/2023\/08\/vue-hiver-studio-15-01-08.jpg 510w, https:\/\/lesombrettes.com\/wp-content\/uploads\/2023\/08\/vue-hiver-studio-15-01-08-300x225.jpg 300w\" sizes=\"auto, (max-width: 510px) 100vw, 510px\" \/><\/figure>\n","protected":false},"excerpt":{"rendered":"<p>Studio 2 personnes, class\u00e9 3 \u00e9toiles (au 1er \u00e9tage ~ 29 m\u00b2) avec connexion WIFI : 1 coin cuisine avec cuisine int\u00e9gr\u00e9e, coin nuit, 1 salle d&rsquo;eau. PLAN INVENTAIRE ENTR\u00c9E : Placard de l\u2019entr\u00e9e : S\u00c9JOUR : COIN CUISINE : Vaisselle et ustensiles : SALLE DE BAIN : PHOTOS<\/p>\n","protected":false},"author":1,"featured_media":0,"parent":0,"menu_order":0,"comment_status":"closed","ping_status":"closed","template":"","meta":{"footnotes":""},"class_list":["post-48","page","type-page","status-publish","hentry"],"blocksy_meta":"","yoast_head":"<!-- This site is optimized with the Yoast SEO plugin v20.12 - https:\/\/yoast.com\/wordpress\/plugins\/seo\/ -->\n<title>LOGEMENT 2 PERSONNES &quot;L&#039;ANCOLIE&quot; - Les Ombrettes<\/title>\n<meta name=\"robots\" content=\"index, follow, max-snippet:-1, max-image-preview:large, max-video-preview:-1\" \/>\n<link rel=\"canonical\" href=\"https:\/\/lesombrettes.com\/index.php\/logement-2-p\/\" \/>\n<meta property=\"og:locale\" content=\"fr_FR\" \/>\n<meta property=\"og:type\" content=\"article\" \/>\n<meta property=\"og:title\" content=\"LOGEMENT 2 PERSONNES &quot;L&#039;ANCOLIE&quot; - Les Ombrettes\" \/>\n<meta property=\"og:description\" content=\"Studio 2 personnes, class\u00e9 3 \u00e9toiles (au 1er \u00e9tage ~ 29 m\u00b2) avec connexion WIFI : 1 coin cuisine avec cuisine int\u00e9gr\u00e9e, coin nuit, 1 salle d&rsquo;eau. PLAN INVENTAIRE ENTR\u00c9E : Placard de l\u2019entr\u00e9e : S\u00c9JOUR : COIN CUISINE : Vaisselle et ustensiles : SALLE DE BAIN : PHOTOS\" \/>\n<meta property=\"og:url\" content=\"https:\/\/lesombrettes.com\/index.php\/logement-2-p\/\" \/>\n<meta property=\"og:site_name\" content=\"Les Ombrettes\" \/>\n<meta property=\"article:modified_time\" content=\"2026-03-09T14:50:46+00:00\" \/>\n<meta property=\"og:image\" content=\"https:\/\/lesombrettes.com\/wp-content\/uploads\/2023\/08\/plan-studio-2016-001-1-553x1024.jpg\" \/>\n<meta name=\"twitter:card\" content=\"summary_large_image\" \/>\n<meta name=\"twitter:label1\" content=\"Dur\u00e9e de lecture estim\u00e9e\" \/>\n\t<meta name=\"twitter:data1\" content=\"4 minutes\" \/>\n<script type=\"application\/ld+json\" class=\"yoast-schema-graph\">{\"@context\":\"https:\/\/schema.org\",\"@graph\":[{\"@type\":\"WebPage\",\"@id\":\"https:\/\/lesombrettes.com\/index.php\/logement-2-p\/\",\"url\":\"https:\/\/lesombrettes.com\/index.php\/logement-2-p\/\",\"name\":\"LOGEMENT 2 PERSONNES \\\"L'ANCOLIE\\\" - Les Ombrettes\",\"isPartOf\":{\"@id\":\"https:\/\/lesombrettes.com\/#website\"},\"datePublished\":\"2023-07-28T10:36:05+00:00\",\"dateModified\":\"2026-03-09T14:50:46+00:00\",\"breadcrumb\":{\"@id\":\"https:\/\/lesombrettes.com\/index.php\/logement-2-p\/#breadcrumb\"},\"inLanguage\":\"fr-FR\",\"potentialAction\":[{\"@type\":\"ReadAction\",\"target\":[\"https:\/\/lesombrettes.com\/index.php\/logement-2-p\/\"]}]},{\"@type\":\"BreadcrumbList\",\"@id\":\"https:\/\/lesombrettes.com\/index.php\/logement-2-p\/#breadcrumb\",\"itemListElement\":[{\"@type\":\"ListItem\",\"position\":1,\"name\":\"Accueil\",\"item\":\"https:\/\/lesombrettes.com\/\"},{\"@type\":\"ListItem\",\"position\":2,\"name\":\"LOGEMENT 2 PERSONNES \u00ab\u00a0L&rsquo;ANCOLIE\u00a0\u00bb\"}]},{\"@type\":\"WebSite\",\"@id\":\"https:\/\/lesombrettes.com\/#website\",\"url\":\"https:\/\/lesombrettes.com\/\",\"name\":\"Les Ombrettes\",\"description\":\"Chalet Les Ombrettes\",\"publisher\":{\"@id\":\"https:\/\/lesombrettes.com\/#organization\"},\"potentialAction\":[{\"@type\":\"SearchAction\",\"target\":{\"@type\":\"EntryPoint\",\"urlTemplate\":\"https:\/\/lesombrettes.com\/?s={search_term_string}\"},\"query-input\":\"required name=search_term_string\"}],\"inLanguage\":\"fr-FR\"},{\"@type\":\"Organization\",\"@id\":\"https:\/\/lesombrettes.com\/#organization\",\"name\":\"Les Ombrettes\",\"url\":\"https:\/\/lesombrettes.com\/\",\"logo\":{\"@type\":\"ImageObject\",\"inLanguage\":\"fr-FR\",\"@id\":\"https:\/\/lesombrettes.com\/#\/schema\/logo\/image\/\",\"url\":\"https:\/\/lesombrettes.com\/wp-content\/uploads\/2023\/07\/marmot-logo.gif\",\"contentUrl\":\"https:\/\/lesombrettes.com\/wp-content\/uploads\/2023\/07\/marmot-logo.gif\",\"width\":198,\"height\":117,\"caption\":\"Les Ombrettes\"},\"image\":{\"@id\":\"https:\/\/lesombrettes.com\/#\/schema\/logo\/image\/\"}}]}<\/script>\n<!-- \/ Yoast SEO plugin. -->","yoast_head_json":{"title":"LOGEMENT 2 PERSONNES \"L'ANCOLIE\" - Les Ombrettes","robots":{"index":"index","follow":"follow","max-snippet":"max-snippet:-1","max-image-preview":"max-image-preview:large","max-video-preview":"max-video-preview:-1"},"canonical":"https:\/\/lesombrettes.com\/index.php\/logement-2-p\/","og_locale":"fr_FR","og_type":"article","og_title":"LOGEMENT 2 PERSONNES \"L'ANCOLIE\" - Les Ombrettes","og_description":"Studio 2 personnes, class\u00e9 3 \u00e9toiles (au 1er \u00e9tage ~ 29 m\u00b2) avec connexion WIFI : 1 coin cuisine avec cuisine int\u00e9gr\u00e9e, coin nuit, 1 salle d&rsquo;eau. PLAN INVENTAIRE ENTR\u00c9E : Placard de l\u2019entr\u00e9e : S\u00c9JOUR : COIN CUISINE : Vaisselle et ustensiles : SALLE DE BAIN : PHOTOS","og_url":"https:\/\/lesombrettes.com\/index.php\/logement-2-p\/","og_site_name":"Les Ombrettes","article_modified_time":"2026-03-09T14:50:46+00:00","og_image":[{"url":"https:\/\/lesombrettes.com\/wp-content\/uploads\/2023\/08\/plan-studio-2016-001-1-553x1024.jpg"}],"twitter_card":"summary_large_image","twitter_misc":{"Dur\u00e9e de lecture estim\u00e9e":"4 minutes"},"schema":{"@context":"https:\/\/schema.org","@graph":[{"@type":"WebPage","@id":"https:\/\/lesombrettes.com\/index.php\/logement-2-p\/","url":"https:\/\/lesombrettes.com\/index.php\/logement-2-p\/","name":"LOGEMENT 2 PERSONNES \"L'ANCOLIE\" - Les Ombrettes","isPartOf":{"@id":"https:\/\/lesombrettes.com\/#website"},"datePublished":"2023-07-28T10:36:05+00:00","dateModified":"2026-03-09T14:50:46+00:00","breadcrumb":{"@id":"https:\/\/lesombrettes.com\/index.php\/logement-2-p\/#breadcrumb"},"inLanguage":"fr-FR","potentialAction":[{"@type":"ReadAction","target":["https:\/\/lesombrettes.com\/index.php\/logement-2-p\/"]}]},{"@type":"BreadcrumbList","@id":"https:\/\/lesombrettes.com\/index.php\/logement-2-p\/#breadcrumb","itemListElement":[{"@type":"ListItem","position":1,"name":"Accueil","item":"https:\/\/lesombrettes.com\/"},{"@type":"ListItem","position":2,"name":"LOGEMENT 2 PERSONNES \u00ab\u00a0L&rsquo;ANCOLIE\u00a0\u00bb"}]},{"@type":"WebSite","@id":"https:\/\/lesombrettes.com\/#website","url":"https:\/\/lesombrettes.com\/","name":"Les Ombrettes","description":"Chalet Les Ombrettes","publisher":{"@id":"https:\/\/lesombrettes.com\/#organization"},"potentialAction":[{"@type":"SearchAction","target":{"@type":"EntryPoint","urlTemplate":"https:\/\/lesombrettes.com\/?s={search_term_string}"},"query-input":"required name=search_term_string"}],"inLanguage":"fr-FR"},{"@type":"Organization","@id":"https:\/\/lesombrettes.com\/#organization","name":"Les Ombrettes","url":"https:\/\/lesombrettes.com\/","logo":{"@type":"ImageObject","inLanguage":"fr-FR","@id":"https:\/\/lesombrettes.com\/#\/schema\/logo\/image\/","url":"https:\/\/lesombrettes.com\/wp-content\/uploads\/2023\/07\/marmot-logo.gif","contentUrl":"https:\/\/lesombrettes.com\/wp-content\/uploads\/2023\/07\/marmot-logo.gif","width":198,"height":117,"caption":"Les Ombrettes"},"image":{"@id":"https:\/\/lesombrettes.com\/#\/schema\/logo\/image\/"}}]}},"_links":{"self":[{"href":"https:\/\/lesombrettes.com\/index.php\/wp-json\/wp\/v2\/pages\/48","targetHints":{"allow":["GET"]}}],"collection":[{"href":"https:\/\/lesombrettes.com\/index.php\/wp-json\/wp\/v2\/pages"}],"about":[{"href":"https:\/\/lesombrettes.com\/index.php\/wp-json\/wp\/v2\/types\/page"}],"author":[{"embeddable":true,"href":"https:\/\/lesombrettes.com\/index.php\/wp-json\/wp\/v2\/users\/1"}],"replies":[{"embeddable":true,"href":"https:\/\/lesombrettes.com\/index.php\/wp-json\/wp\/v2\/comments?post=48"}],"version-history":[{"count":21,"href":"https:\/\/lesombrettes.com\/index.php\/wp-json\/wp\/v2\/pages\/48\/revisions"}],"predecessor-version":[{"id":265,"href":"https:\/\/lesombrettes.com\/index.php\/wp-json\/wp\/v2\/pages\/48\/revisions\/265"}],"wp:attachment":[{"href":"https:\/\/lesombrettes.com\/index.php\/wp-json\/wp\/v2\/media?parent=48"}],"curies":[{"name":"wp","href":"https:\/\/api.w.org\/{rel}","templated":true}]}}